{"id":227,"date":"2023-02-13T14:49:15","date_gmt":"2023-02-13T13:49:15","guid":{"rendered":"https:\/\/assolejourj.fr\/wordpress\/index.php\/causes\/"},"modified":"2025-06-03T01:01:14","modified_gmt":"2025-06-02T23:01:14","slug":"causes","status":"publish","type":"page","link":"https:\/\/assolejourj.fr\/wordpress\/causes\/","title":{"rendered":"L&rsquo;association"},"content":{"rendered":"\n\n\n\n<h2><span>L&rsquo;association le Jour J<\/span><\/h2><h2><\/h2>\n\n\n\n<p><em style=\"background-color: rgb(255, 255, 255);\"><span dir=\"auto\" class=\"x6zurak x18bv5gf x184q3qc xqxll94 x1s928wv xhkezso x1gmr53x x1cpjm7i x1fgarty x1943h6x x193iq5w xeuugli x13faqbe x1vvkbs x1lliihq xzsf02u xlh3980 xvmahel x1x9mg3 xo1l8bm\" style=\"--fontSize: 15px; --lineHeight: 19.5762px; --8dd7yt: -0.2385em; --hxtmnb: -0.3615em;\">Organisatrice d\u2019\u00e9v\u00e9nements culturels en tout genre, l\u2019association Le Jour J fait vivre et respirer le th\u00e9\u00e2tre de verdure de Panc\u00e9, dit le th\u00e9\u00e2tre Jeannot Haguenier (TJH), depuis 2013.&nbsp;<\/span><span dir=\"auto\" class=\"x6zurak x18bv5gf x184q3qc xqxll94 x1s928wv xhkezso x1gmr53x x1cpjm7i x1fgarty x1943h6x x193iq5w xeuugli x13faqbe x1vvkbs x1lliihq xzsf02u xlh3980 xvmahel x1x9mg3 xo1l8bm\" style=\"--fontSize: 15px; --lineHeight: 19.5762px; --8dd7yt: -0.2385em; --hxtmnb: -0.3615em;\">Depuis plus de 10 ans, nos activit\u00e9s ont pour volont\u00e9 de mettre cet espace naturel, culturel et atypique en valeur, par l\u2019art dans tous ses \u00e9tats : musique, chant, th\u00e9\u00e2tre, danse\u2026 Nous proposons chaque ann\u00e9e une programmation de spectacles vivants, naturellement nomm\u00e9e \u201cDans la clairi\u00e8re\u201d.<\/span><\/em><\/p>\n\n\n\n\n\n\n\n\n\n\n\n\n<h3><span style=\"color: #FEB209;\">La prochaine \u00e9dition <br><\/span><\/h3>\n<span style=\"color:#ffffffff;\">Le Samedi 7er juin 2025<\/span>\n\n\n\n\n\n\n\n\n\n<h4><span style=\"color: #FEB209;\">L&rsquo;association le jour j <\/span><br><\/h4><h4 class=\"pagelayer-text-holder\"><p><\/p><\/h4><h2><h2><h4><span style=\"color:#ffffff;\"><\/span><br><\/h4><\/h2><\/h2>\n<p><\/p><p class=\"pagelayer-text-holder pagelayer-pen\" pagelayer-editable=\"text\" contenteditable=\"true\"><p style=\"text-align: center; font-size: 13px;\"><strong style=\"font-size: large;\"><\/strong><\/p><\/p><span style=\"color:#ffffff;\"><p class=\"pagelayer-text-holder pagelayer-pen\" pagelayer-editable=\"text\" contenteditable=\"true\"><p style=\"text-align: center; font-size: 13px;\"><strong style=\"font-size: large;\"><br><\/strong>\n<\/p><\/p><p class=\"p-k1f4032 pagelayer-text\">\n<p class=\"pagelayer-text-holder pagelayer-pen\" pagelayer-editable=\"text\" contenteditable=\"true\"><p>L&rsquo;association le Jour J s&rsquo;articule principalement autour du Th\u00e9\u00e2tre de verdure  \u00ab\u00a0Jean Haguenier\u00a0\u00bb (T.J.H.).\n\n\nL&rsquo;ambiance conviviale, et la d\u00e9tente sont pr\u00e9sentes \u00e0 chaque rendez-vous. <\/p><\/p><\/p><br><p class=\"p-2xx7766 pagelayer-text\">\n<p class=\"pagelayer-text-holder pagelayer-pen\" pagelayer-editable=\"text\" contenteditable=\"true\"><p>Il faut dire que le  T.J.H, de par\n sa configuration unique dans le d\u00e9partement, produit  un effet magique \ndans lequel on se laisse vivre.\n<\/p><\/p><\/p><p class=\"p-dra8761 pagelayer-text\">\n<p class=\"pagelayer-text-holder pagelayer-pen\" pagelayer-editable=\"text\" contenteditable=\"true\"><p>Le JourJ cherche r\u00e9guli\u00e8rement \u00e0 \nam\u00e9liorer les conditions d&rsquo;utilisations du site afin d&rsquo;en simplifier \nl&rsquo;utilisation au b\u00e9n\u00e9fice de toutes associations d\u00e9sireuses d&rsquo;y \norganiser un \u00e9v\u00e9nement mais aussi pour accueillir le public dans les \nmeilleures conditions de spectacles possibles.<\/p><\/p><\/p><\/span><a href=\"https:\/\/sites.google.com\/site\/assolejourj\/le-t-j-h\"><\/a><p><\/p>\n\n\n\n\n\n\n\n\n<h1><span style=\"color: #FEB209;\">Les \u00e9ditions pass\u00e9es<br><\/span><\/h1>\n\n\n\n\n\n\n\n","protected":false},"excerpt":{"rendered":"","protected":false},"author":1,"featured_media":0,"parent":0,"menu_order":0,"comment_status":"closed","ping_status":"closed","template":"","meta":{"pagelayer_contact_templates":[],"_pagelayer_content":"","_themeisle_gutenberg_block_has_review":false,"footnotes":""},"class_list":["post-227","page","type-page","status-publish","hentry"],"yoast_head":"<!-- This site is optimized with the Yoast SEO plugin v27.5 - https:\/\/yoast.com\/product\/yoast-seo-wordpress\/ -->\n<title>L&#039;association - Association le Jour J.<\/title>\n<meta name=\"robots\" content=\"index, follow, max-snippet:-1, max-image-preview:large, max-video-preview:-1\" \/>\n<link rel=\"canonical\" href=\"https:\/\/assolejourj.fr\/wordpress\/causes\/\" \/>\n<meta property=\"og:locale\" content=\"fr_FR\" \/>\n<meta property=\"og:type\" content=\"article\" \/>\n<meta property=\"og:title\" content=\"L&#039;association - Association le Jour J.\" \/>\n<meta property=\"og:url\" content=\"https:\/\/assolejourj.fr\/wordpress\/causes\/\" \/>\n<meta property=\"og:site_name\" content=\"Association le Jour J.\" \/>\n<meta property=\"article:publisher\" content=\"https:\/\/www.facebook.com\/AssoLeJourJ\/?locale=fr_FR\" \/>\n<meta property=\"article:modified_time\" content=\"2025-06-02T23:01:14+00:00\" \/>\n<meta name=\"twitter:card\" content=\"summary_large_image\" \/>\n<meta name=\"twitter:site\" content=\"@AssoLeJourJ\" \/>\n<meta name=\"twitter:label1\" content=\"Dur\u00e9e de lecture estim\u00e9e\" \/>\n\t<meta name=\"twitter:data1\" content=\"1 minute\" \/>\n<script type=\"application\/ld+json\" class=\"yoast-schema-graph\">{\"@context\":\"https:\\\/\\\/schema.org\",\"@graph\":[{\"@type\":\"WebPage\",\"@id\":\"https:\\\/\\\/assolejourj.fr\\\/wordpress\\\/causes\\\/\",\"url\":\"https:\\\/\\\/assolejourj.fr\\\/wordpress\\\/causes\\\/\",\"name\":\"L'association - Association le Jour J.\",\"isPartOf\":{\"@id\":\"https:\\\/\\\/assolejourj.fr\\\/wordpress\\\/#website\"},\"datePublished\":\"2023-02-13T13:49:15+00:00\",\"dateModified\":\"2025-06-02T23:01:14+00:00\",\"breadcrumb\":{\"@id\":\"https:\\\/\\\/assolejourj.fr\\\/wordpress\\\/causes\\\/#breadcrumb\"},\"inLanguage\":\"fr-FR\",\"potentialAction\":[{\"@type\":\"ReadAction\",\"target\":[\"https:\\\/\\\/assolejourj.fr\\\/wordpress\\\/causes\\\/\"]}]},{\"@type\":\"BreadcrumbList\",\"@id\":\"https:\\\/\\\/assolejourj.fr\\\/wordpress\\\/causes\\\/#breadcrumb\",\"itemListElement\":[{\"@type\":\"ListItem\",\"position\":1,\"name\":\"Accueil\",\"item\":\"https:\\\/\\\/assolejourj.fr\\\/wordpress\\\/\"},{\"@type\":\"ListItem\",\"position\":2,\"name\":\"L&rsquo;association\"}]},{\"@type\":\"WebSite\",\"@id\":\"https:\\\/\\\/assolejourj.fr\\\/wordpress\\\/#website\",\"url\":\"https:\\\/\\\/assolejourj.fr\\\/wordpress\\\/\",\"name\":\"Association le Jour J\",\"description\":\"Diffuseur de culture rafra\u00eechissante\",\"publisher\":{\"@id\":\"https:\\\/\\\/assolejourj.fr\\\/wordpress\\\/#organization\"},\"potentialAction\":[{\"@type\":\"SearchAction\",\"target\":{\"@type\":\"EntryPoint\",\"urlTemplate\":\"https:\\\/\\\/assolejourj.fr\\\/wordpress\\\/?s={search_term_string}\"},\"query-input\":{\"@type\":\"PropertyValueSpecification\",\"valueRequired\":true,\"valueName\":\"search_term_string\"}}],\"inLanguage\":\"fr-FR\"},{\"@type\":\"Organization\",\"@id\":\"https:\\\/\\\/assolejourj.fr\\\/wordpress\\\/#organization\",\"name\":\"Association le Jour J\",\"url\":\"https:\\\/\\\/assolejourj.fr\\\/wordpress\\\/\",\"logo\":{\"@type\":\"ImageObject\",\"inLanguage\":\"fr-FR\",\"@id\":\"https:\\\/\\\/assolejourj.fr\\\/wordpress\\\/#\\\/schema\\\/logo\\\/image\\\/\",\"url\":\"https:\\/\\/assolejourj.fr\\/wordpress\\/wp-content\\/uploads\\/2023\\/02\\/Logo-1.jpg\",\"contentUrl\":\"https:\\/\\/assolejourj.fr\\/wordpress\\/wp-content\\/uploads\\/2023\\/02\\/Logo-1.jpg\",\"width\":320,\"height\":319,\"caption\":\"Association le Jour J\"},\"image\":{\"@id\":\"https:\\\/\\\/assolejourj.fr\\\/wordpress\\\/#\\\/schema\\\/logo\\\/image\\\/\"},\"sameAs\":[\"https:\\\/\\\/www.facebook.com\\\/AssoLeJourJ\\\/?locale=fr_FR\",\"https:\\\/\\\/x.com\\\/AssoLeJourJ\",\"https:\\\/\\\/www.instagram.com\\\/lejourjasso\\\/\"]}]}<\/script>\n<!-- \/ Yoast SEO plugin. -->","yoast_head_json":{"title":"L'association - Association le Jour J.","robots":{"index":"index","follow":"follow","max-snippet":"max-snippet:-1","max-image-preview":"max-image-preview:large","max-video-preview":"max-video-preview:-1"},"canonical":"https:\/\/assolejourj.fr\/wordpress\/causes\/","og_locale":"fr_FR","og_type":"article","og_title":"L'association - Association le Jour J.","og_url":"https:\/\/assolejourj.fr\/wordpress\/causes\/","og_site_name":"Association le Jour J.","article_publisher":"https:\/\/www.facebook.com\/AssoLeJourJ\/?locale=fr_FR","article_modified_time":"2025-06-02T23:01:14+00:00","twitter_card":"summary_large_image","twitter_site":"@AssoLeJourJ","twitter_misc":{"Dur\u00e9e de lecture estim\u00e9e":"1 minute"},"schema":{"@context":"https:\/\/schema.org","@graph":[{"@type":"WebPage","@id":"https:\/\/assolejourj.fr\/wordpress\/causes\/","url":"https:\/\/assolejourj.fr\/wordpress\/causes\/","name":"L'association - Association le Jour J.","isPartOf":{"@id":"https:\/\/assolejourj.fr\/wordpress\/#website"},"datePublished":"2023-02-13T13:49:15+00:00","dateModified":"2025-06-02T23:01:14+00:00","breadcrumb":{"@id":"https:\/\/assolejourj.fr\/wordpress\/causes\/#breadcrumb"},"inLanguage":"fr-FR","potentialAction":[{"@type":"ReadAction","target":["https:\/\/assolejourj.fr\/wordpress\/causes\/"]}]},{"@type":"BreadcrumbList","@id":"https:\/\/assolejourj.fr\/wordpress\/causes\/#breadcrumb","itemListElement":[{"@type":"ListItem","position":1,"name":"Accueil","item":"https:\/\/assolejourj.fr\/wordpress\/"},{"@type":"ListItem","position":2,"name":"L&rsquo;association"}]},{"@type":"WebSite","@id":"https:\/\/assolejourj.fr\/wordpress\/#website","url":"https:\/\/assolejourj.fr\/wordpress\/","name":"Association le Jour J","description":"Diffuseur de culture rafra\u00eechissante","publisher":{"@id":"https:\/\/assolejourj.fr\/wordpress\/#organization"},"potentialAction":[{"@type":"SearchAction","target":{"@type":"EntryPoint","urlTemplate":"https:\/\/assolejourj.fr\/wordpress\/?s={search_term_string}"},"query-input":{"@type":"PropertyValueSpecification","valueRequired":true,"valueName":"search_term_string"}}],"inLanguage":"fr-FR"},{"@type":"Organization","@id":"https:\/\/assolejourj.fr\/wordpress\/#organization","name":"Association le Jour J","url":"https:\/\/assolejourj.fr\/wordpress\/","logo":{"@type":"ImageObject","inLanguage":"fr-FR","@id":"https:\/\/assolejourj.fr\/wordpress\/#\/schema\/logo\/image\/","url":"https:\/\/mlwtlfntpdtb.i.optimole.com\/w:auto\/h:auto\/q:mauto\/f:best\/https:\/\/assolejourj.fr\/wordpress\/wp-content\/uploads\/2023\/02\/Logo-1.jpg","contentUrl":"https:\/\/mlwtlfntpdtb.i.optimole.com\/w:auto\/h:auto\/q:mauto\/f:best\/https:\/\/assolejourj.fr\/wordpress\/wp-content\/uploads\/2023\/02\/Logo-1.jpg","width":320,"height":319,"caption":"Association le Jour J"},"image":{"@id":"https:\/\/assolejourj.fr\/wordpress\/#\/schema\/logo\/image\/"},"sameAs":["https:\/\/www.facebook.com\/AssoLeJourJ\/?locale=fr_FR","https:\/\/x.com\/AssoLeJourJ","https:\/\/www.instagram.com\/lejourjasso\/"]}]}},"_links":{"self":[{"href":"https:\/\/assolejourj.fr\/wordpress\/wp-json\/wp\/v2\/pages\/227","targetHints":{"allow":["GET"]}}],"collection":[{"href":"https:\/\/assolejourj.fr\/wordpress\/wp-json\/wp\/v2\/pages"}],"about":[{"href":"https:\/\/assolejourj.fr\/wordpress\/wp-json\/wp\/v2\/types\/page"}],"author":[{"embeddable":true,"href":"https:\/\/assolejourj.fr\/wordpress\/wp-json\/wp\/v2\/users\/1"}],"replies":[{"embeddable":true,"href":"https:\/\/assolejourj.fr\/wordpress\/wp-json\/wp\/v2\/comments?post=227"}],"version-history":[{"count":24,"href":"https:\/\/assolejourj.fr\/wordpress\/wp-json\/wp\/v2\/pages\/227\/revisions"}],"predecessor-version":[{"id":898,"href":"https:\/\/assolejourj.fr\/wordpress\/wp-json\/wp\/v2\/pages\/227\/revisions\/898"}],"wp:attachment":[{"href":"https:\/\/assolejourj.fr\/wordpress\/wp-json\/wp\/v2\/media?parent=227"}],"curies":[{"name":"wp","href":"https:\/\/api.w.org\/{rel}","templated":true}]}}

<h2><span>L&rsquo;association le Jour J</span></h2><h2></h2>



<p><em style="background-color: rgb(255, 255, 255);"><span dir="auto" class="x6zurak x18bv5gf x184q3qc xqxll94 x1s928wv xhkezso x1gmr53x x1cpjm7i x1fgarty x1943h6x x193iq5w xeuugli x13faqbe x1vvkbs x1lliihq xzsf02u xlh3980 xvmahel x1x9mg3 xo1l8bm" style="--fontSize: 15px; --lineHeight: 19.5762px; --8dd7yt: -0.2385em; --hxtmnb: -0.3615em;">Organisatrice d’événements culturels en tout genre, l’association Le Jour J fait vivre et respirer le théâtre de verdure de Pancé, dit le théâtre Jeannot Haguenier (TJH), depuis 2013.&nbsp;</span><span dir="auto" class="x6zurak x18bv5gf x184q3qc xqxll94 x1s928wv xhkezso x1gmr53x x1cpjm7i x1fgarty x1943h6x x193iq5w xeuugli x13faqbe x1vvkbs x1lliihq xzsf02u xlh3980 xvmahel x1x9mg3 xo1l8bm" style="--fontSize: 15px; --lineHeight: 19.5762px; --8dd7yt: -0.2385em; --hxtmnb: -0.3615em;">Depuis plus de 10 ans, nos activités ont pour volonté de mettre cet espace naturel, culturel et atypique en valeur, par l’art dans tous ses états : musique, chant, théâtre, danse… Nous proposons chaque année une programmation de spectacles vivants, naturellement nommée “Dans la clairière”.</span></em></p>












<h3><span style="color: #FEB209;">La prochaine édition <br></span></h3>
<span style="color:#ffffffff;">Le Samedi 7er juin 2025</span>









<h4><span style="color: #FEB209;">L&rsquo;association le jour j </span><br></h4><h4 class="pagelayer-text-holder"><p></p></h4><h2><h2><h4><span style="color:#ffffff;"></span><br></h4></h2></h2>
<p></p><p class="pagelayer-text-holder pagelayer-pen" pagelayer-editable="text" contenteditable="true"><p style="text-align: center; font-size: 13px;"><strong style="font-size: large;"></strong></p></p><span style="color:#ffffff;"><p class="pagelayer-text-holder pagelayer-pen" pagelayer-editable="text" contenteditable="true"><p style="text-align: center; font-size: 13px;"><strong style="font-size: large;"><br></strong>
</p></p><p class="p-k1f4032 pagelayer-text">
<p class="pagelayer-text-holder pagelayer-pen" pagelayer-editable="text" contenteditable="true"><p>L&rsquo;association le Jour J s&rsquo;articule principalement autour du Théâtre de verdure  « Jean Haguenier » (T.J.H.).


L&rsquo;ambiance conviviale, et la détente sont présentes à chaque rendez-vous. </p></p></p><br><p class="p-2xx7766 pagelayer-text">
<p class="pagelayer-text-holder pagelayer-pen" pagelayer-editable="text" contenteditable="true"><p>Il faut dire que le  T.J.H, de par
 sa configuration unique dans le département, produit  un effet magique 
dans lequel on se laisse vivre.
</p></p></p><p class="p-dra8761 pagelayer-text">
<p class="pagelayer-text-holder pagelayer-pen" pagelayer-editable="text" contenteditable="true"><p>Le JourJ cherche régulièrement à 
améliorer les conditions d&rsquo;utilisations du site afin d&rsquo;en simplifier 
l&rsquo;utilisation au bénéfice de toutes associations désireuses d&rsquo;y 
organiser un événement mais aussi pour accueillir le public dans les 
meilleures conditions de spectacles possibles.</p></p></p></span><a href="https://sites.google.com/site/assolejourj/le-t-j-h"></a><p></p>








<h1><span style="color: #FEB209;">Les éditions passées<br></span></h1>

<!-- This site is optimized with the Yoast SEO plugin v27.5 - https://yoast.com/product/yoast-seo-wordpress/ -->
<title>L&#039;association - Association le Jour J.</title>
<meta name="robots" content="index, follow, max-snippet:-1, max-image-preview:large, max-video-preview:-1" />
<link rel="canonical" href="https://assolejourj.fr/wordpress/causes/" />
<meta property="og:locale" content="fr_FR" />
<meta property="og:type" content="article" />
<meta property="og:title" content="L&#039;association - Association le Jour J." />
<meta property="og:url" content="https://assolejourj.fr/wordpress/causes/" />
<meta property="og:site_name" content="Association le Jour J." />
<meta property="article:publisher" content="https://www.facebook.com/AssoLeJourJ/?locale=fr_FR" />
<meta property="article:modified_time" content="2025-06-02T23:01:14+00:00" />
<meta name="twitter:card" content="summary_large_image" />
<meta name="twitter:site" content="@AssoLeJourJ" />
<meta name="twitter:label1" content="Durée de lecture estimée" />
	<meta name="twitter:data1" content="1 minute" />
<script type="application/ld+json" class="yoast-schema-graph">{"@context":"https:\/\/schema.org","@graph":[{"@type":"WebPage","@id":"https:\/\/assolejourj.fr\/wordpress\/causes\/","url":"https:\/\/assolejourj.fr\/wordpress\/causes\/","name":"L'association - Association le Jour J.","isPartOf":{"@id":"https:\/\/assolejourj.fr\/wordpress\/#website"},"datePublished":"2023-02-13T13:49:15+00:00","dateModified":"2025-06-02T23:01:14+00:00","breadcrumb":{"@id":"https:\/\/assolejourj.fr\/wordpress\/causes\/#breadcrumb"},"inLanguage":"fr-FR","potentialAction":[{"@type":"ReadAction","target":["https:\/\/assolejourj.fr\/wordpress\/causes\/"]}]},{"@type":"BreadcrumbList","@id":"https:\/\/assolejourj.fr\/wordpress\/causes\/#breadcrumb","itemListElement":[{"@type":"ListItem","position":1,"name":"Accueil","item":"https:\/\/assolejourj.fr\/wordpress\/"},{"@type":"ListItem","position":2,"name":"L&rsquo;association"}]},{"@type":"WebSite","@id":"https:\/\/assolejourj.fr\/wordpress\/#website","url":"https:\/\/assolejourj.fr\/wordpress\/","name":"Association le Jour J","description":"Diffuseur de culture rafraîchissante","publisher":{"@id":"https:\/\/assolejourj.fr\/wordpress\/#organization"},"potentialAction":[{"@type":"SearchAction","target":{"@type":"EntryPoint","urlTemplate":"https:\/\/assolejourj.fr\/wordpress\/?s={search_term_string}"},"query-input":{"@type":"PropertyValueSpecification","valueRequired":true,"valueName":"search_term_string"}}],"inLanguage":"fr-FR"},{"@type":"Organization","@id":"https:\/\/assolejourj.fr\/wordpress\/#organization","name":"Association le Jour J","url":"https:\/\/assolejourj.fr\/wordpress\/","logo":{"@type":"ImageObject","inLanguage":"fr-FR","@id":"https:\/\/assolejourj.fr\/wordpress\/#\/schema\/logo\/image\/","url":"https:\/\/assolejourj.fr\/wordpress\/wp-content\/uploads\/2023\/02\/Logo-1.jpg","contentUrl":"https:\/\/assolejourj.fr\/wordpress\/wp-content\/uploads\/2023\/02\/Logo-1.jpg","width":320,"height":319,"caption":"Association le Jour J"},"image":{"@id":"https:\/\/assolejourj.fr\/wordpress\/#\/schema\/logo\/image\/"},"sameAs":["https:\/\/www.facebook.com\/AssoLeJourJ\/?locale=fr_FR","https:\/\/x.com\/AssoLeJourJ","https:\/\/www.instagram.com\/lejourjasso\/"]}]}</script>
<!-- / Yoast SEO plugin. -->

Diffuseur de culture rafraîchissante
